
Is 32 a factor of 3200?
True
Does 225 divide 16868?
False
Is 161 a factor of 48527?
False
Is 360 a multiple of 12?
True
Is 2847 a multiple of 39?
True
Is 2164 a multiple of 4?
True
Is 2 a factor of 93?
False
Does 31 divide 341?
True
Is 649 a multiple of 11?
True
Is 434 a multiple of 3?
False
Is 12950 a multiple of 259?
True
Is 29 a factor of 29?
True
Is 5 a factor of 586?
False
Is 25133 a multiple of 2?
False
Does 19 divide 114?
True
Is 66616 a multiple of 22?
True
Is 17 a factor of 29478?
True
Is 721 a multiple of 31?
False
Is 140 a factor of 11340?
True
Is 13 a factor of 2522?
True
Is 3 a factor of 762?
True
Is 11 a factor of 132?
True
Is 50 a factor of 1250?
True
Is 174 a multiple of 91?
False
Is 10 a factor of 160?
True
Is 6 a factor of 732?
True
Is 168 a multiple of 28?
True
Does 3 divide 84?
True
Is 53 a factor of 26177?
False
Does 15 divide 35426?
False
Is 154 a factor of 19004?
False
Is 91 a factor of 4641?
True
Is 868 a multiple of 22?
False
Is 16380 a multiple of 126?
True
Is 48 a factor of 1061?
False
Does 6 divide 372?
True
Is 271 a multiple of 4?
False
Is 11 a factor of 11082?
False
Is 28 a factor of 588?
True
Does 111 divide 9099?
False
Does 6 divide 108?
True
Is 1140 a multiple of 149?
False
Is 28627 a multiple of 17?
False
Does 8 divide 2232?
True
Is 7 a factor of 12590?
False
Is 2318 a multiple of 19?
True
Is 410 a multiple of 14?
False
Is 30 a factor of 390?
True
Is 2324 a multiple of 52?
False
Is 9 a factor of 2053?
False
Does 5 divide 7792?
False
Does 12 divide 600?
True
Is 4016 a multiple of 69?
False
Is 111201 a multiple of 101?
True
Is 774 a multiple of 43?
True
Does 135 divide 270?
True
Does 25 divide 82134?
False
Does 7 divide 3401?
False
Does 13 divide 30576?
True
Does 9 divide 8865?
True
Is 8 a factor of 1551?
False
Does 2 divide 1420?
True
Is 1105 a multiple of 92?
False
Is 76 a factor of 9179?
False
Does 10 divide 890?
True
Does 30 divide 4043?
False
Is 149 a factor of 28820?
False
Does 6 divide 78?
True
Does 8 divide 4232?
True
Is 25 a factor of 1825?
True
Does 24 divide 4238?
False
Is 187 a factor of 18513?
True
Is 7752 a multiple of 57?
True
Is 50008 a multiple of 56?
True
Is 955 a multiple of 14?
False
Is 5 a factor of 144?
False
Is 22496 a multiple of 134?
False
Does 32 divide 760?
False
Does 13 divide 13705?
False
Does 247 divide 41990?
True
Is 32 a factor of 927?
False
Is 56 a factor of 17806?
False
Does 2 divide 4544?
True
Does 15 divide 11666?
False
Does 101 divide 22584?
False
Is 29 a factor of 17023?
True
Is 43 a factor of 30057?
True
Is 14000 a multiple of 10?
True
Is 20 a factor of 1895?
False
Is 9 a factor of 701?
False
Does 14 divide 448?
True
Does 39 divide 234?
True
Is 428 even?
True
Is 10 a factor of 50?
True
Does 7 divide 616?
True
Is 18 a factor of 88?
False
Is 74 a factor of 222?
True
Does 79 divide 623?
False
Is 21727 a multiple of 12?
False
Is 48 a factor of 77?
False
Is 42 a factor of 1448?
False
Is 30672 a multiple of 9?
True
Does 3 divide 4880?
False
Is 2 a factor of 455?
False
Does 49 divide 730?
False
Is 12156 a multiple of 15?
False
Is 31 a factor of 868?
True
Does 20 divide 84?
False
Is 81 a factor of 53460?
True
Is 8185 a multiple of 36?
False
Is 39 a factor of 820?
False
Does 153 divide 2575?
False
Does 11 divide 1453?
False
Is 790 a multiple of 31?
False
Is 83 a factor of 43243?
True
Is 336 a multiple of 7?
True
Is 1275 a multiple of 5?
True
Is 5256 a multiple of 129?
False
Does 51 divide 1173?
True
Is 9 a factor of 7812?
True
Does 55 divide 5555?
True
Does 16 divide 224?
True
Is 5 a factor of 2385?
True
Is 22 a factor of 9240?
True
Does 128 divide 2779?
False
Is 5 a factor of 74?
False
Is 42 a factor of 2339?
False
Is 30 a factor of 2924?
False
Is 142 a factor of 8094?
True
Is 9354 a multiple of 25?
False
Is 8 a factor of 371?
False
Is 62616 a multiple of 12?
True
Is 1734 a multiple of 7?
False
Does 21 divide 567?
True
Is 16 a factor of 2240?
True
Is 12 a factor of 246?
False
Is 14 a factor of 140?
True
Is 179 a factor of 58954?
False
Does 141 divide 6345?
True
Is 18371 a multiple of 7?
False
Is 2822 a multiple of 7?
False
Is 58 a factor of 681?
False
Is 8032 a multiple of 38?
False
Is 18164 a multiple of 55?
False
Does 44 divide 31108?
True
Is 43 a factor of 58910?
True
Does 27 divide 608?
False
Is 25 a factor of 1525?
True
Is 11 a factor of 704?
True
Is 756 a multiple of 42?
True
Is 240 a multiple of 6?
True
Does 12 divide 2415?
False
Is 19 a factor of 3805?
False
Is 6 a factor of 1104?
True
Does 29 divide 319?
True
Is 370 even?
True
Is 12096 a multiple of 36?
True
Does 29 divide 754?
True
Is 7 a factor of 56?
True
Does 11 divide 86854?
False
Is 20748 a multiple of 114?
True
Is 14 a factor of 4884?
False
Does 18 divide 2403?
False
Is 9660 a multiple of 44?
False
Is 25 a factor of 5625?
True
Is 46 a factor of 322?
True
Is 29 a factor of 18212?
True
Is 14430 a multiple of 37?
True
Does 234 divide 8376?
False
Is 99 a multiple of 11?
True
Does 3 divide 799?
False
Is 7224 a multiple of 129?
True
Is 14 a factor of 140?
True
Is 53 a factor of 1802?
True
Does 16 divide 8224?
True
Is 106 a multiple of 13?
False
Is 3591 a multiple of 42?
False
Is 46480 a multiple of 14?
True
Is 105 a multiple of 7?
True
Does 38 divide 881?
False
Is 19 a factor of 341?
False
Is 13 a factor of 17927?
True
Does 27 divide 513?
True
Is 1664 a multiple of 83?
False
Does 43 divide 975?
False
Does 5 divide 308?
False
Does 19 divide 1069?
False
Is 104808 a multiple of 54?
False
Is 9 a factor of 2619?
True
Does 9 divide 561?
False
Does 3 divide 39?
True
Is 20057 a multiple of 31?
True
Does 20 divide 34420?
True
Is 468 even?
True
Is 19 a factor of 114?
True
Does 15 divide 1709?
False
Is 3834 a multiple of 426?
True
Does 35 divide 16975?
True
Is 18 a factor of 55524?
False
Does 53 divide 7632?
True
Does 32 divide 586?
False
Is 17 a factor of 1603?
False
Is 134 a factor of 27336?
True
Is 5148 a multiple of 12?
True
Does 19 divide 21432?
True
Does 35 divide 13909?
False
Is 77 a factor of 1925?
True
Does 45 divide 1260?
True
Is 589 a multiple of 6?
False
Is 2 a factor of 3?
False
Does 48 divide 8139?
False
Is 37557 a multiple of 39?
True
Does 4 divide 31480?
True
Does 12 divide 2426?
False
Is 147 a factor of 18229?
False
Does 25 divide 350?
True
Does 124 divide 8308?
True
Is 1971 a multiple of 73?
True
Is 145 a factor of 6235?
True
Is 9397 a multiple of 19?
False
Is 81 a factor of 62046?
True
Is 3482 a multiple of 27?
False
Is 3221 a multiple of 66?
False
Is 35 a multiple of 7?
True
Does 10 divide 550?
True
Is 81 a factor of 8490?
False
Does 4 divide 6622?
False
Is 5 a factor of 46060?
True
Is 136 a multiple of 6?
False
Is 18 a factor of 2070?
True
Does 15 divide 465?
True
Is 5 a multiple of 5?
True
Does 6 divide 503?
False
Does 16 divide 416?
True
Does 31 divide 2170?
True
Does 38 divide 10305?
False
Is 2826 a multiple of 15?
False
Does 8 divide 4086?
False
Is 4 a factor of 2540?
True
Is 24912 a multiple of 12?
True
Is 126923 a multiple of 20?
False
Is 168 a multiple of 12?
True
Is 474 a multiple of 237?
True
Is 95 a factor of 1871?
False
Is 1751 a multiple of 50?
False
Does 85 divide 935?
True
Is 15260 a multiple of 7?
True
Is 16 a factor of 4653?
False
Does 16 divide 1408?
True
Is 4 a factor of 2951?
False
Is 27 a factor of 243?
True
Is 50443 a multiple of 45?
False
Does 9 divide 28?
False
Does 50 divide 37407?
False
Is 1123 a multiple of 32?
False
Is 6 a factor of 41286?
True
Is 13518 a multiple of 117?
False
Does 23 divide 3864?
True
Does 17 divide 8398?
True
Does 85 divide 12892?
False
Is 12 a factor of 1004?
False
Is 7 a factor of 1375?
False
Is 22 a factor of 2794?
True
Is 1063 a multiple of 18?
False
Is 50 a factor of 11250?
True
Does 90 divide 57277?
False
Is 53485 a multiple of 54?
False
Is 79 a factor of 1027?
True
Does 140 divide 66780?
True
Does 9 divide 1307?
False
Does 5 divide 413?
False
Does 36 divide 8424?
True
Is 19 a factor of 2679?
True
Does 6 divide 301?
False
Does 3 divide 406?
False
Is 287 a factor of 47304?
False
Does 35 divide 420?
True
Is 693 a multiple of 26?
False
Does 3 divide 1708?
False
Is 200 a factor of 48313?
False
Is 61 a factor of 31685?
False
Is 40 a factor of 880?
True
Does 53 divide 3021?
True
Is 37 a factor of 2590?
True
Does 48 divide 3789?
False
Is 16 a factor of 9392?
Tr